inder when 197 is divided by 10.
7
Calculate the remainder when 1633 is divided by 181.
4
What is the remainder when 540 is divided by 34?
30
Calculate the remainder when 73 is divided by 21.
10
What is the remainder when 890 is divided by 47?
44
Calculate the remainder when 458 is divided by 33.
29
Calculate the remainder when 151 is divided by 148.
3
Calculate the remainder when 899 is divided by 127.
10
What is the remainder when 1111 is divided by 159?
157
What is the remainder when 92 is divided by 19?
16
What is the remainder when 72 is divided by 21?
9
Calculate the remainder when 334 is divided by 50.
34
Calculate the remainder when 1103 is divided by 364.
11
Calculate the remainder when 14 is divided by 5.
4
What is the remainder when 2759 is divided by 56?
15
What is the remainder when 24 is divided by 11?
2
What is the remainder when 781 is divided by 32?
13
What is the remainder when 813 is divided by 52?
33
Calculate the remainder when 179 is divided by 86.
7
What is the remainder when 313 is divided by 66?
49
What is the remainder when 69 is divided by 54?
15
What is the remainder when 373 is divided by 124?
1
Calculate the remainder when 204 is divided by 100.
4
What is the remainder when 469 is divided by 99?
73
What is the remainder when 307 is divided by 51?
1
What is the remainder when 4587 is divided by 3?
0
What is the remainder when 60 is divided by 40?
20
What is the remainder when 1735 is divided by 22?
19
Calculate the remainder when 862 is divided by 29.
21
Calculate the remainder when 60 is divided by 43.
17
Calculate the remainder when 1557 is divided by 20.
17
What is the remainder when 57 is divided by 56?
1
What is the remainder when 744 is divided by 11?
7
What is the remainder when 5729 is divided by 572?
9
What is the remainder when 516 is divided by 110?
76
What is the remainder when 1365 is divided by 12?
9
What is the remainder when 464 is divided by 69?
50
Calculate the remainder when 75 is divided by 48.
27
What is the remainder when 493 is divided by 62?
59
What is the remainder when 133 is divided by 9?
7
What is the remainder when 99 is divided by 11?
0
What is the remainder when 65 is divided by 28?
9
What is the remainder when 239 is divided by 54?
23
What is the remainder when 11261 is divided by 36?
29
Calculate the remainder when 807 is divided by 22.
15
Calculate the remainder when 1291 is divided by 52.
43
Calculate the remainder when 887 is divided by 89.
86
What is the remainder when 10509 is divided by 6?
3
Calculate the remainder when 715 is divided by 202.
109
What is the remainder when 587 is divided by 285?
17
What is the remainder when 2019 is divided by 10?
9
Calculate the remainder when 44 is divided by 24.
20
Calculate the remainder when 3654 is divided by 118.
114
What is the remainder when 1464 is divided by 132?
12
What is the remainder when 8013 is divided by 32?
13
Calculate the remainder when 191 is divided by 39.
35
Calculate the remainder when 316 is divided by 80.
76
What is the remainder when 276 is divided by 57?
48
What is the remainder when 96 is divided by 80?
16
Calculate the remainder when 2449 is divided by 50.
49
Calculate the remainder when 8617 is divided by 51.
49
Calculate the remainder when 73 is divided by 38.
35
Calculate the remainder when 429 is divided by 15.
9
Calculate the remainder when 279 is divided by 52.
19
What is the remainder when 1499 is divided by 15?
14
Calculate the remainder when 303 is divided by 42.
9
What is the remainder when 102 is divided by 26?
24
What is the remainder when 1800 is divided by 448?
8
What is the remainder when 131 is divided by 82?
49
Calculate the remainder when 8352 is divided by 521.
16
What is the remainder when 365 is divided by 8?
5
Calculate the remainder when 87 is divided by 23.
18
Calculate the remainder when 262 is divided by 74.
40
Calculate the remainder when 591 is divided by 131.
67
What is the remainder when 515 is divided by 10?
5
What is the remainder when 1687 is divided by 406?
63
What is the remainder when 2392 is divided by 26?
0
Calculate the remainder when 199 is divided by 72.
55
What is the remainder when 77 is divided by 29?
19
What is the remainder when 148 is divided by 18?
4
What is the remainder when 208 is divided by 63?
19
Calculate the remainder when 421 is divided by 239.
182
What is the remainder when 242 is divided by 49?
46
Calculate the remainder when 739 is divided by 25.
14
Calculate the remainder when 925 is divided by 254.
163
What is the remainder when 1598 is divided by 39?
38
What is the remainder when 223 is divided by 22?
3
Calculate the remainder when 10580 is divided by 18.
14
Calculate the remainder when 164 is divided by 6.
2
Calculate the remainder when 1469 is divided by 150.
119
What is the remainder when 1293 is divided by 162?
159
What is the remainder when 277 is divided by 11?
2
Calculate the remainder when 3398 is divided by 19.
16
What is the remainder when 7486 is divided by 156?
154
What is the remainder when 402 is divided by 34?
28
What is the remainder when 1643 is divided by 667?
309
What is the remainder when 2997 is divided by 19?
14
What is the remainder when 14160 is divided by 49?
48
Calculate the remainder when 4989 is divided by 64.
61
What is the remainder when 4287 is divided by 15?
12
What is the remainder when 4466 is divided by 17?
12
What is the remainder when 215 is divided by 20?
15
Calculate the remainder when 531 is divided by 176.
3
What is the remainder when 458 is divided by 39?
29
Calculate the remainder when 448 is divided by 34.
6
What is the remainder when 382 is divided by 10?
2
What is the remainder when 2686 is divided by 168?
166
What is the remainder when 4768 is divided by 25?
18
Calculate the remainder when 75 is divided by 48.
27
What is the remainder when 2165 is divided by 114?
113
What is the remainder when 2790 is divided by 65?
60
Calculate the remainder when 65 is divided by 38.
27
What is the remainder when 164 is divided by 20?
4
What is the remainder when 255 is divided by 86?
83
What is the remainder when 63 is divided by 4?
3
Calculate the remainder when 456 is divided by 51.
48
What is the remainder when 108 is divided by 71?
37
Calculate the remainder when 487 is divided by 238.
11
Calculate the remainder when 68 is divided by 36.
32
What is the remainder when 1202 is divided by 390?
32
Calculate the remainder when 186 is divided by 11.
10
What is the remainder when 591 is divided by 18?
15
Calculate the remainder when 587 is divided by 19.
17
Calculate the remainder when 177 is divided by 61.
55
Calculate the remainder when 595 is divided by 67.
59
Calculate the remainder when 128 is divided by 17.
9
What is the remainder when 469 is divided by 48?
37
What is the remainder when 381 is divided by 32?
29
What is the remainder when 578 is divided by 7?
4
What is the remainder when 500 is divided by 84?
80
What is the remainder when 26 is divided by 8?
2
What is the remainder when 130 is divided by 22?
20
What is the remainder when 292 is divided by 40?
12
What is the remainder when 420 is divided by 354?
66
What is the remainder when 449 is divided by 50?
49
What is the remainder when 426 is divided by 23?
12
What is the remainder when 43 is divided by 8?
3
Calculate the remainder when 147 is divided by 52.
43
Calculate the remainder when 339 is divided by 115.
109
What is the remainder when 202 is divided by 42?
34
What is the remainder when 207 is divided by 113?
94
What is the remainder when 48 is divided by 30?
18
What is the remainder when 375 is divided by 20?
15
What is the remainder when 189 is divided by 24?
21
Calculate the remainder when 117 is divided by 7.
5
Calculate the remainder when 955 is divided by 138.
127
Calculate the remainder when 4409 is divided by 28.
13
What is the remainder when 412 is divided by 19?
13
What is the remainder when 61 is divided by 35?
26
What is the remainder when 4718 is divided by 20?
18
What is the remainder when 253 is divided by 59?
17
What is the remainder when 2059 is divided by 24?
19
What is the remainder when 736 is divided by 217?
85
Calculate the remainder when 327 is divided by 33.
30
Calculate the remainder when 908 is divided by 32.
12
What is the r